{"id":22,"date":"2017-09-19T21:40:52","date_gmt":"2017-09-19T21:40:52","guid":{"rendered":"https:\/\/borisnew.wordpress.com\/?page_id=4"},"modified":"2026-02-12T20:51:03","modified_gmt":"2026-02-12T19:51:03","slug":"page","status":"publish","type":"page","link":"https:\/\/psycho-usmb.fr\/boris.new\/index.php\/page\/","title":{"rendered":"Publications"},"content":{"rendered":"<div id=\"sites-canvas-main\" class=\"sites-canvas-main\">\n<div id=\"sites-canvas-main-content\">\n<table>\n<tbody>\n<tr>\n<td>\n<h2><strong><em>Articles<\/em><\/strong><\/h2>\n<ol>\n<li>New, B., Pallier, C., Schalchli, G., Bourgin, J., &amp; Gimenes, M. (in press). <a href=\"http:\/\/www.lexique.org\/databases\/Lexique400\/Lexique400.pdf\">Lexique 4: A major upgrade of the \u201cLexique\u201d French lexical database<\/a>.\u00a0<em>Behavior Research Methods<\/em>.<\/li>\n<li>New, B., Guichet, C., Spinelli, E., &amp; Barra,\u00a0<span class=\"il\">J<\/span>. (2025). <a href=\"https:\/\/drive.google.com\/file\/d\/1zUHFgIcU-R04cVIGrpkhIft6AKP9VUSd\/view?usp=sharing\">Listening to Foreign Languages: Pump Up the Volume!<\/a>\u00a0<i><span class=\"il\">Journal of Cognition<\/span><\/i>, 8(1): 32, pp. 1\u201313. DOI:\u00a0<a href=\"https:\/\/doi.org\/10.5334\/joc.445\" target=\"_blank\" rel=\"noopener\" data-saferedirecturl=\"https:\/\/www.google.com\/url?q=https:\/\/doi.org\/10.5334\/joc.445&amp;source=gmail&amp;ust=1749665488487000&amp;usg=AOvVaw2dIeT5M-0T37V7cmkz49Sj\">https:\/\/doi.org\/10.5334\/joc.<wbr \/>445<\/a><\/li>\n<li>Dufour S., Mirault J., New B., &amp; Grainger J. (2024). <a href=\"https:\/\/drive.google.com\/file\/d\/1BmZOSvI-TIEed1tLoqeorUosz5K55NJ9\/view?usp=sharing\">Frequency effects in the auditory grammatical decision task.<\/a> <i>Language, Cognition and Neuroscience,\u00a039(3), 341-350.<\/i><\/li>\n<li>New B. , Bourgin J., Barra J., &amp; Pallier C. \u00a0(2023). <a href=\"https:\/\/drive.google.com\/file\/d\/17zN2hcjHOiMZAvpoyFs2schu1ruwYvO-\/view?usp=sharing\">UniPseudo : A Universal Pseudoword Generator. <\/a><em>Quarterly Journal of Experimental Psychology,\u00a0<i>77<\/i>(2), 278-286.<\/em><\/li>\n<li>Niveau, N., Beaudoin, M., De Cornulier, J., &amp; New, B. (2022). <a href=\"https:\/\/drive.google.com\/file\/d\/1-PWnfIzej0odJrocuPQIwfHlW3vztVfi\/view?usp=sharing\">The Lexical Association Technique: A randomized controlled trial with breast cancer patients.<\/a> <i>Applied Psychology: Health and Well\u2010Being,\u00a015(3), 846-864<\/i>.<\/li>\n<li>Niveau, N., Beaudoin, M., &amp; New, B. (2022) <a href=\"https:\/\/drive.google.com\/file\/d\/1g3mVsiQcKKZSrh6sxHiLf9bpeyElKR-2\/view?usp=sharing\">A new technique to increase self-esteem by reading and mental visualization: the Lexical Association<\/a> Technique.\u00a0<em>Journal of Social and Clinical Psychology, <i>41<\/i>(1), 79-104.<\/em><\/li>\n<li>Schmandt, S., Nazzi, T., &amp; New, B. (2022). <a href=\"https:\/\/www.tandfonline.com\/doi\/pdf\/10.1080\/23273798.2022.2046115\">Consonant, vowel and lexical neighbourhood processing during word recognition: New evidence using the sandwich priming technique.<\/a> <i>Language, Cognition and Neuroscience<\/i>, 1-16.<\/li>\n<li>Niveau, N., New, B., &amp; Beaudoin, M. (2021). <a href=\"https:\/\/www.frontiersin.org\/articles\/10.3389\/fpsyg.2021.763900\/full?&amp;utm_source=Email_to_authors_&amp;utm_medium=Email&amp;utm_content=T1_11.5e1_author&amp;utm_campaign=Email_publication&amp;field=&amp;journalName=Frontiers_in_Psychology&amp;id=763900\">How should self-esteem be considered in cancer patients?<\/a> <em>Frontiers in Psychology.<\/em><\/li>\n<li>Niveau, N., New, B., &amp; Beaudoin, M. (2021). <a href=\"http:\/\/psycho-usmb.fr\/boris.new\/wp-content\/uploads\/2021\/10\/37-Niveau-New-Beaudoin-2021.pdf\">Self-esteem Interventions in Adults\u2013A Systematic Review and Meta-analysis.<\/a> <i>Journal of Research in Personality<\/i>, 104131.<\/li>\n<li>Gimenes, M., Perret, C., &amp; New, B. (2020). <a href=\"https:\/\/drive.google.com\/file\/d\/1uvKrxGqETXkFeRH4PcYaql8ES9FjEdbV\/view?usp=sharing\">Lexique-Infra: grapheme-phoneme, phoneme-grapheme regularity, consistency, and other sublexical statistics for 137,717 polysyllabic French words.\u00a0<\/a><i>Behavior Research Methods<\/i>.\u00a0<a href=\"https:\/\/doi.org\/10.3758\/s13428-020-01396-2\">doi.org\/10.3758\/s13428-020-01396-2\u00a0<\/a><\/li>\n<li>Barra J., Pallier C., &amp; <strong>New B.<\/strong> (2020). <a href=\"https:\/\/drive.google.com\/file\/d\/1Q-ZdKldPk6y7UGU7Ne331mC6-_EuBKT8\/view?usp=sharing\">The black superiority effect: black seems taller than gray.<\/a><em>\u00a0Acta Psychologica, 202, 102958<\/em>.\u00a0<a href=\"https:\/\/doi.org\/10.1016\/j.actpsy.2019.102958\">doi.org\/10.1016\/j.actpsy.2019.102958\u00a0<\/a><i class=\"icon-double-angle-down\"><\/i><\/li>\n<li>Beyersmann, E., Bolger, D., Pattamadilok, C., <strong>New, B.<\/strong>, Grainger, J., &amp; Ziegler, J. C. (2019). <a href=\"https:\/\/drive.google.com\/file\/d\/1FFTeTviPm0KUDfNJ7rU2O012weCxaltx\/view?usp=sharing\">Morphological processing without semantics: An ERP study with spoken words.<\/a>\u00a0<i>Cortex<\/i>.\u00a0<a href=\"https:\/\/doi.org\/10.1016\/j.cortex.2019.02.008\">doi.org\/10.1016\/j.cortex.2019.02.008\u00a0<\/a><i class=\"icon-double-angle-down\"><\/i><\/li>\n<li>Megherbi, H., Elbro, C., Oakhill, J., Segui, J., &amp; <strong>New, B<\/strong>. (2018). <a href=\"https:\/\/drive.google.com\/open?id=1kYRqtR3mlGWMGbdQZyCsXcliYkILgScG\">The emergence of automaticity in reading: Effects of orthographic depth and word decoding ability on an adjusted Stroop measure.<\/a>\u00a0<i>Journal of Experimental Child Psychology<\/i>,\u00a0<i>166<\/i>, 652-663.\u00a0<a href=\"https:\/\/doi.org\/10.1016\/j.jecp.2017.09.016\">doi.org\/10.1016\/j.jecp.2017.09.016\u00a0<\/a><i class=\"icon-double-angle-down\"><\/i><\/li>\n<li>Du\u00f1abeitia, JA., Crepaldi, D., Meyer A.,<strong>\u00a0New B.<\/strong>, Pliatsikas, C., Smolka, E. (2018).\u00a0<a href=\"https:\/\/drive.google.com\/open?id=0B-sE9ac1ksCAcjVReDlhaTNWaVU\">MultiPic: A standardized set of 750 drawings with norms for six European languages.\u00a0<\/a><em><i>The Quarterly Journal of Experimental Psychology<\/i>, 71(4), 808\u2013816. <a href=\"https:\/\/doi.org\/10.1080\/17470218.2017.1310261\">doi.org\/10.1080\/17470218.2017.1310261\u00a0<\/a>\u00a0<i class=\"icon-double-angle-down\"><\/i>[<\/em><em><a href=\"https:\/\/drive.google.com\/open?id=0B-sE9ac1ksCAY2dZSVEyZEowcDg\">Excel file merging informations from Lexique<\/a><\/em><em><em>]<\/em><\/em><\/li>\n<li>\u00a0Ferrand, L., M\u00e9ot, A., Spinelli, E.,\u00a0<strong>New, B.<\/strong>, Pallier, C., Bonin, P., Dufau, S., Math\u00f4t, S., &amp; Grainger, J. (2017).\u00a0<a href=\"https:\/\/drive.google.com\/open?id=0B-sE9ac1ksCAVUdYSjM5bFZfdFE\">MEGALEX: A megastudy of visual and auditory word recognition.\u00a0<\/a><em>Behavior Research Methods. <a href=\"https:\/\/doi.org\/10.3758\/s13428-017-0943-1\">doi.org\/10.3758\/s13428-017-0943-1\u00a0<\/a><i class=\"icon-double-angle-down\"><\/i><\/em><\/li>\n<li><strong>New B.<\/strong>,\u00a0Dor\u00e9-Mazars K., Cav\u00e9zian C., Pallier C., &amp; Barra J. (2016).<a href=\"https:\/\/sites.google.com\/site\/borisnew\/home\/goog_42411348\">\u00a0<\/a><a href=\"https:\/\/drive.google.com\/file\/d\/0B-sE9ac1ksCAcWN2XzVmVHlMYjA\/view?usp=sharing\">The letter height superiority illusion.<\/a><em>\u00a0Psychonomic Bulletin &amp; Review, 23<\/em>, 291-598.\u00a0<a href=\"https:\/\/doi.org\/10.3758\/s13423-014-0753-8\">doi.org\/10.3758\/s13423-014-0753-8\u00a0<\/a><i class=\"icon-double-angle-down\"><\/i><\/li>\n<li>Gimenes, M., Brysbaert, M., &amp; New, B. (2016). <a href=\"https:\/\/drive.google.com\/file\/d\/0B-sE9ac1ksCAdjBFZEdvcWdHMlE\/view?usp=sharing\">The processing of singular and plural nouns in English, French, and Dutch: New insights from megastudies.\u00a0<\/a>Canadian Journal of Experimental Psychology\/Revue canadienne de psychologie exp\u00e9rimentale,\u00a070(4), 316.\u00a0<a href=\"https:\/\/doi.org\/10.1037\/cep0000074\">doi.org\/10.1037\/cep0000074\u00a0<\/a><i class=\"icon-double-angle-down\"><\/i><\/li>\n<li>Gimenes, M., &amp;\u00a0<strong>New, B.\u00a0<\/strong>(2015).\u00a0<a href=\"https:\/\/drive.google.com\/file\/d\/0B-sE9ac1ksCANWFVN3ZacHFWQ0k\/view?usp=sharing\">Worldlex: Twitter and blog word frequencies for 66 languages.<\/a>\u00a0<em>Behavior research methods<\/em>, 1-10. <a href=\"https:\/\/doi.org\/10.3758\/s13428-015-0621-0\">doi.org\/10.3758\/s13428-015-0621-0\u00a0<\/a>\u00a0Link:\u00a0<a href=\"http:\/\/worldlex.lexique.org\/\">WorldLex<\/a><\/li>\n<li><strong>New, B.<\/strong>, &amp; Nazzi, T. (2014).<a href=\"https:\/\/drive.google.com\/open?id=0B-sE9ac1ksCAd0NjM0prczUyMEU\">\u00a0The time course of consonant and vowel processing during word recognition.<\/a>\u00a0Language,<em> Cognition and Neuroscience, 29(2), <\/em>147-157.\u00a0<a href=\"https:\/\/doi.org\/10.1080\/01690965.2012.735678\">doi.org\/10.1080\/01690965.2012.735678\u00a0<\/a><i class=\"icon-double-angle-down\"><\/i><\/li>\n<li>Delle Luche, C., Poltrock, S., Goslin, J.,\u00a0<strong>New, B.<\/strong>, Floccia, C., &amp; Nazzi T. (2014)\u00a0<a href=\"https:\/\/drive.google.com\/file\/d\/0B-sE9ac1ksCAd2F0Tkxlek5Ca2M\/edit?usp=sharing\">Differential processing of consonants and vowels in the auditory Modality : A Cross-linguistic Study.<\/a><em>\u00a0<\/em><em>Journal of Memory and Language. 72<\/em>. 1-15<em><em>.\u00a0<a href=\"https:\/\/doi.org\/10.1016\/j.jml.2013.12.001\">doi.org\/10.1016\/j.jml.2013.12.001\u00a0<\/a><i class=\"icon-double-angle-down\"><\/i><\/em><\/em><\/li>\n<li><strong>New, B.<\/strong>\u00a0, &amp; Spinelli, E. (2013).\u00a0<a href=\"https:\/\/drive.google.com\/file\/d\/0B-sE9ac1ksCAcGJadnRHd1c1ajA\/edit?usp=sharing\">Diphones-fr: A French database of diphones positional frequency.<\/a>\u00a0<em>Behavior Research Methods, 45(3),\u00a0<\/em>758-764<em>. [<\/em><a href=\"http:\/\/www.lexique.org\/projets\/Diphones\/\">base, corpus<\/a><em><em>]\u00a0<a href=\"https:\/\/doi.org\/10.3758\/s13428-012-0285-y\">doi.org\/10.3758\/s13428-012-0285-y\u00a0<\/a><i class=\"icon-double-angle-down\"><\/i><br \/><\/em><\/em><\/li>\n<li>Brysbaert, M., <strong>New, B.<\/strong>, &amp; Keuleers, E. (2012). <a href=\"https:\/\/docs.google.com\/open?id=0B-sE9ac1ksCATzlISnF0LXptQlE\">Adding part-of-speech information to the SUBTLEX-US word frequencies.<\/a>\u00a0<em>Behavior research methods,\u00a044(4)<\/em>, 991-997.\u00a0<a href=\"https:\/\/doi.org\/10.3758\/s13428-012-0190-4\">doi.org\/10.3758\/s13428-012-0190-4\u00a0<\/a><i class=\"icon-double-angle-down\"><\/i><\/li>\n<li>Ferrand, L., Brysbaert, M., Keuleers, E., <strong>New, B.,<\/strong> Bonin, P., M\u00e9ot, A., &#8230; &amp; Pallier, C. (2011). <a href=\"https:\/\/www.frontiersin.org\/articles\/10.3389\/fpsyg.2011.00306\/full\">Comparing word processing times in naming, lexical decision, and progressive demasking: Evidence from Chronolex.<\/a>\u00a0<em><em>Frontiers in psychology,\u00a02.\u00a0<a href=\"https:\/\/doi.org\/10.3389\/fpsyg.2011.00306\">doi.org\/10.3389\/fpsyg.2011.00306\u00a0\u00a0<\/a><i class=\"icon-double-angle-down\"><\/i><\/em><\/em><\/li>\n<li><strong>New, B.<\/strong>\u00a0&amp; Grainger, J. (2011)\u00a0\u00a0<a href=\"http:\/\/psycho-usmb.fr\/boris.new\/wp-content\/uploads\/2021\/10\/22-New-Grainger-2011-ActaPsy.pdf\">On Letter Frequency Effects.\u00a0<\/a><em>Acta Psychologica, 138,<\/em>\u00a0322-328.\u00a0<a href=\"https:\/\/doi.org\/10.1016\/j.actpsy.2011.07.001\">doi.org\/10.1016\/j.actpsy.2011.07.001\u00a0<\/a><i class=\"icon-double-angle-down\"><\/i><\/li>\n<li>Brysbaert M., Keuleers, E., &amp;\u00a0<strong>New, B.<\/strong>\u00a0(2011)\u00a0<a href=\"https:\/\/www.frontiersin.org\/articles\/10.3389\/fpsyg.2011.00027\/full\">Assessing the usefulness of Google Books\u2019 word frequencies for psycholinguistic research on word processing.<\/a>\u00a0<em>Frontiers in Psychology<\/em>, 2:27.\u00a0<a href=\"https:\/\/doi.org\/10.3389\/fpsyg.2011.00027\">doi.org\/10.3389\/fpsyg.2011.00027\u00a0<\/a><i class=\"icon-double-angle-down\"><\/i><\/li>\n<li><em>Keuleers, E., Brysbaert, M.\u00a0&amp;\u00a0<strong>New, B.<\/strong>\u00a0(2010)\u00a0<\/em><a href=\"http:\/\/psycho-usmb.fr\/boris.new\/wp-content\/uploads\/2021\/10\/20-Keuleers-Brysbaert-New-Subtlex-NL.pdf\"><em>Subtlex-nl\u00a0: A new frequency measure for dutch words based on film subtitles.<\/em><\/a><em>\u00a0<\/em><em><em>Behavior Research Methods.\u00a042, 643-650.\u00a0<a href=\"https:\/\/doi.org\/10.3758\/brm.42.3.643\">doi.org\/10.3758\/brm.42.3.643\u00a0<\/a><i class=\"icon-double-angle-down\"><\/i><\/em><\/em><\/li>\n<li><em>Ferrand, L.,\u00a0<strong>New, B.<\/strong>, Brysbaert, M., Keuleers, E., Bonin, P., M\u00e9ot, A., Augustinova, M., &amp; Pallier, C. (2010).<\/em><em>\u00a0<a href=\"http:\/\/psycho-usmb.fr\/boris.new\/wp-content\/uploads\/2021\/10\/19-Ferrand-et-al-BRM-2010-French-Lexicon-Project.pdf\">The French Lexicon Project: Lexical decision data for 38,840 French words and 38,840 pseudowords.<\/a><\/em><em>\u00a0<\/em><em><em>Behavior Research Methods,\u00a042 (2), 488-496.\u00a0<a href=\"https:\/\/doi.org\/10.3758\/brm.42.2.488\">doi.org\/10.3758\/brm.42.2.488\u00a0<\/a><i class=\"icon-double-angle-down\"><\/i><\/em><\/em><\/li>\n<li><em>Brysbaert, M. &amp;\u00a0<strong>New, B.<\/strong>\u00a0(2009)\u00a0\u00a0<\/em><a href=\"http:\/\/psycho-usmb.fr\/boris.new\/wp-content\/uploads\/2021\/10\/17-Brysbaert-New-2009-Subtlexus.pdf\"><em>Moving beyond Kucera and Francis:\u00a0 A Critical Evaluation of Current Word Frequency Norms and the Introduction of a New and Improved Word Frequency Measure for American English.<\/em><\/a><em>\u00a0<\/em><em><em>Behavior Research Methods, 41 (4), 977-990.\u00a0<a href=\"https:\/\/doi.org\/10.3758\/brm.41.4.977\">doi.org\/10.3758\/brm.41.4.977\u00a0<\/a><i class=\"icon-double-angle-down\"><\/i><\/em><\/em><\/li>\n<li><em>Pynte, J.\u00a0<strong>New, B.<\/strong>, &amp; Kennedy, A. (2009)\u00a0<\/em><a href=\"http:\/\/psycho-usmb.fr\/boris.new\/wp-content\/uploads\/2021\/10\/11-Pynte-New-JEMR.pdf\"><em>On-line syntactic and semantic influences\u00a0in reading revisited<\/em><\/a><a href=\"http:\/\/psycho-usmb.fr\/boris.new\/wp-content\/uploads\/2021\/10\/16-Pynte-New-Kennedy-VR-2009.pdf\"><em>.<\/em><\/a><em><em>Journal of Eye-Movement Research, 3 (1), 1-12.<\/em><\/em><\/li>\n<li><em>Pynte, J.\u00a0<strong>New, B.<\/strong>, &amp; Kennedy, A. (2009)\u00a0<\/em><a href=\"http:\/\/psycho-usmb.fr\/boris.new\/wp-content\/uploads\/2021\/10\/16-Pynte-New-Kennedy-VR-2009.pdf\"><em>On-line contextual influences during reading normal text: The role of nouns, verbs and adjectives<\/em><\/a><em>.\u00a0<\/em><em><em>Vision Research. 49, 544-552.\u00a0<a href=\"https:\/\/doi.org\/10.1016\/j.visres.2008.12.016\">doi.org\/10.1016\/j.visres.2008.12.016\u00a0<\/a><i class=\"icon-double-angle-down\"><\/i><\/em><\/em><\/li>\n<li><strong><em>New, B.<\/em><\/strong><em>, Araujo, V. Nazzi, T.\u00a0 (2008)\u00a0<a href=\"http:\/\/psycho-usmb.fr\/boris.new\/wp-content\/uploads\/2021\/10\/15-New-Nazzi-PS-2008.pdf\">Differential processing of consonants and vowels in lexical access through reading.<\/a>\u00a0<\/em><em><em>Psychological Science, 19(12), 1223-1227.\u00a0<a href=\"https:\/\/doi.org\/10.1111\/j.1467-9280.2008.02228.x\">doi.org\/10.1111\/j.1467-9280.2008.02228.x\u00a0<\/a><i class=\"icon-double-angle-down\"><\/i><\/em><\/em><\/li>\n<li><em>Ferrand, L., Bonin, P., M\u00e9ot, A., Augustinova, M.,\u00a0<strong>New, B<\/strong>., Pallier, C., &amp; Brysbaert, M. (2008).\u00a0<\/em><a href=\"http:\/\/psycho-usmb.fr\/boris.new\/wp-content\/uploads\/2021\/10\/14-Ferrand-et-al-08.BRM_.pdf\"><em>Age of acquisition and subjective frequency estimates for all generally known monosyllabic French words and their relation with other psycholinguistic variables<\/em><\/a><em>\u00a0.\u00a0<\/em><em><em>Behavior Research Methods. 40(4), 1049-1054.\u00a0<a href=\"https:\/\/doi.org\/10.3758\/brm.40.4.1049\">doi.org\/10.3758\/brm.40.4.1049\u00a0<\/a><i class=\"icon-double-angle-down\"><\/i><\/em><\/em><\/li>\n<li><em>Pynte, J.<\/em><em>,\u00a0<strong>New, B<\/strong>., &amp; Kennedy, A. (2008).\u00a0<\/em><a href=\"http:\/\/psycho-usmb.fr\/boris.new\/wp-content\/uploads\/2021\/10\/13-Pynte-New-2008-JEMR.pdf\"><em>A multiple regression analysis of syntactic and semantic influences during normal reading<\/em><\/a><em>.\u00a0<\/em><em><em>Journal of Eye-Movement Research, 2 (1), 1-11.\u00a0<a href=\"https:\/\/doi.org\/10.1016\/j.visres.2008.02.004\">doi.org\/10.1016\/j.visres.2008.02.004\u00a0<\/a><i class=\"icon-double-angle-down\"><\/i><\/em><\/em><\/li>\n<li><em>Pynte, J.\u00a0<strong>New, B.<\/strong>, &amp; Kennedy, A. (2008)<a href=\"http:\/\/psycho-usmb.fr\/boris.new\/wp-content\/uploads\/2021\/10\/12-Pynte-New-Kennedy-VR-2008.pdf\">\u00a0<\/a><\/em><a href=\"http:\/\/psycho-usmb.fr\/boris.new\/wp-content\/uploads\/2021\/10\/12-Pynte-New-Kennedy-VR-2008.pdf\"><em>On-line contextual influences during reading normal text: a multiple-regression analysis.<\/em><em>\u00a0<\/em><\/a><em><em>Vision Research, 48(21), 2172-2183.\u00a0<a href=\"https:\/\/doi.org\/10.1016\/j.visres.2008.02.004\">doi.org\/10.1016\/j.visres.2008.02.004\u00a0<\/a><i class=\"icon-double-angle-down\"><\/i><\/em><\/em><\/li>\n<li><em>Nazzi, T.,\u00a0<strong>New, B.<\/strong>\u00a0(2007)\u00a0<\/em><em><em><a href=\"http:\/\/psycho-usmb.fr\/boris.new\/wp-content\/uploads\/2021\/10\/11-Nazzi-New-CD-2007-Beyond-stop-consonants-Consonantal-specificity-in-early-lexical-acquisition.pdf\">Beyond stop consonants: Consonantal specificity in early language acquisition.<\/a>\u00a0Cognitive Development, 22(2), 271-279.\u00a0<a href=\"https:\/\/doi.org\/10.1016\/j.cogdev.2006.10.007\">doi.org\/10.1016\/j.cogdev.2006.10.007\u00a0<\/a><i class=\"icon-double-angle-down\"><\/i><\/em><\/em><\/li>\n<li><strong><em>New, B.<\/em><\/strong><em>, Brysbaert, M., Veronis, J., &amp; Pallier, C. (2007).\u00a0<a href=\"http:\/\/psycho-usmb.fr\/boris.new\/wp-content\/uploads\/2021\/10\/10-New-Brysbaert-Veronis-Pallier-2007-AP-Use-of-films-sutbitles-to-estimate-word-frequencies.pdf\">The use of film subtitles to estimate word frequencies<\/a><\/em><em><em>.\u00a0Applied Psycholinguistics, 28(4), 661-677.\u00a0<a href=\"https:\/\/doi.org\/10.1017\/s014271640707035x\">doi.org\/10.1017\/s014271640707035x\u00a0<\/a><i class=\"icon-double-angle-down\"><\/i><\/em><\/em><\/li>\n<li><strong><em>New, B.<\/em><\/strong><em>, Ferrand, L., Pallier, C., &amp; Brysbaert, M. (2006).\u00a0<\/em><a href=\"http:\/\/psycho-usmb.fr\/boris.new\/wp-content\/uploads\/2021\/10\/09-New-et-al-2006-PBR-Length.pdf\"><em>Re-examining word length effects in visual word recognition : New evidence from the English Lexicon Project<\/em><em>.\u00a0<\/em><\/a><em><em>Psychonomic Bulletin &amp; Review, 13(1), 45-52.\u00a0<a href=\"https:\/\/doi.org\/10.3758\/bf03193811\">doi.org\/10.3758\/bf03193811\u00a0<\/a><i class=\"icon-double-angle-down\"><\/i><\/em><\/em><\/li>\n<li><em>Rastle, K., Davis, M.,<strong>\u00a0New, B.<\/strong>\u00a0(2004)\u00a0<\/em><em><em><a href=\"http:\/\/psycho-usmb.fr\/boris.new\/wp-content\/uploads\/2021\/10\/08-Rastle-et-al-PBR-2004-Morpho-orthographic-Segmentation-2004.pdf\">Morpho-orthographic segmentation in visual word recognition.<\/a>\u00a0Psychonomic Bulletin &amp; Review, 11(6), 1090-1098.\u00a0<a href=\"https:\/\/doi.org\/10.3758\/bf03196742\">doi.org\/10.3758\/bf03196742\u00a0<\/a><i class=\"icon-double-angle-down\"><\/i><\/em><\/em><\/li>\n<li><strong><em>New, B.<\/em><\/strong><em><em>\u00a0(2004)\u00a0<a href=\"http:\/\/psycho-usmb.fr\/boris.new\/wp-content\/uploads\/2021\/10\/07-New-2005-Fyssen.2.pdf\">Le traitement des mots au singulier et au pluriel en fran\u00e7ais et en anglais.<\/a>\u00a0Annales de la fondation Fyssen, 19, 130-138.<\/em><\/em><\/li>\n<li><strong><em>New, B.<\/em><\/strong><em>, Pallier, C., Brysbaert, M., Ferrand, L. (2004)\u00a0<\/em><a href=\"http:\/\/psycho-usmb.fr\/boris.new\/wp-content\/uploads\/2021\/10\/06-New-et-al2004-BRMIC.pdf\"><em>Lexique 2 : A New French Lexical Database.<\/em><em>\u00a0<\/em><\/a><em><em>Behavior Research Methods, Instruments, &amp; Computers, 36 (3), 516-524.\u00a0<a href=\"https:\/\/doi.org\/10.3758\/bf03195598\">doi.org\/10.3758\/bf03195598\u00a0<\/a><i class=\"icon-double-angle-down\"><\/i><\/em><\/em><\/li>\n<li><strong><em>New, B.<\/em><\/strong><em>, Brysbaert, M., Segui, Ferrand, L., Rastle, K. (2004)\u00a0<\/em><a href=\"http:\/\/psycho-usmb.fr\/boris.new\/wp-content\/uploads\/2021\/10\/05-New-et-al2004-JML.pdf\"><em>The Processing of singular and plural nouns in French and English.<\/em><\/a><em>\u00a0<\/em><em><em>Journal of Memory and Language, 51, 568\u2013585.\u00a0<a href=\"https:\/\/doi.org\/10.1016\/j.jml.2004.06.010\">doi.org\/10.1016\/j.jml.2004.06.010\u00a0<\/a><i class=\"icon-double-angle-down\"><\/i><\/em><\/em><\/li>\n<li><em>Alario F-X., Ferrand L., Laganaro M.,\u00a0<strong>New B.<\/strong>, Frauenfelder U., &amp; Segui J. (2004)<\/em><a href=\"http:\/\/psycho-usmb.fr\/boris.new\/wp-content\/uploads\/2021\/10\/04-Alario-et-al-2004-Predictors-picture-naming-BRMIC.pdf\"><em>Predictors of Picture Naming Speed.<\/em><\/a><em>\u00a0<\/em><em><em>Behavior Research Methods, Instruments, &amp; Computers,36 (1), 140-155. [<a href=\"https:\/\/sites.google.com\/site\/borisnew\/pub\/Norm2-46sub-329itExcel4.zip?attredirects=0\">Data (RTs)<\/a>]\u00a0<a href=\"https:\/\/doi.org\/10.3758\/bf03195559\">doi.org\/10.3758\/bf03195559\u00a0<\/a><i class=\"icon-double-angle-down\"><\/i><\/em><\/em><\/li>\n<li><em><em>Ferrand L., Grainger J.,\u00a0<strong>New B.<\/strong>\u00a0(2003)\u00a0<a href=\"http:\/\/psycho-usmb.fr\/boris.new\/wp-content\/uploads\/2021\/10\/03-Ferrand-Grainger-New-2003.pdf\">Normes d&rsquo;\u00e2ge d&rsquo;acquisition pour 400 mots monosyllabiques.\u00a0<\/a>L&rsquo;Ann\u00e9e Psychologique, 104, 445-468.\u00a0<a href=\"https:\/\/doi.org\/10.3406\/psy.2003.29645\">doi.org\/10.3406\/psy.2003.29645\u00a0<\/a><i class=\"icon-double-angle-down\"><\/i><\/em><\/em><\/li>\n<li><em>Ferrand, L. &amp;\u00a0<strong>New, B.\u00a0<\/strong>(2003)\u00a0<\/em><a href=\"http:\/\/psycho-usmb.fr\/boris.new\/wp-content\/uploads\/2021\/10\/02-Ferrand-New-2003-Acta-Syllabic-Effect.pdf\"><em>Syllabic Length in Visual Word Recognition and Naming.<\/em><em>\u00a0<\/em><\/a><em><em>Acta Psychologica, 113(2), 167-183.\u00a0<a href=\"https:\/\/doi.org\/10.1016\/s0001-6918(03)00031-3\">doi.org\/10.1016\/s0001-6918(03)00031-3\u00a0<\/a><i class=\"icon-double-angle-down\"><\/i><\/em><\/em><\/li>\n<li><strong><em>New B.<\/em><\/strong><em>, Pallier C., Ferrand L., Matos R. (2001)\u00a0<a href=\"http:\/\/psycho-usmb.fr\/boris.new\/wp-content\/uploads\/2021\/10\/01-Lexique_Annee3c.pdf\">Une base de donn\u00e9es lexicales du fran\u00e7ais contemporain sur internet: LEXIQUE<\/a>,\u00a0L&rsquo;Ann\u00e9e Pschologique, 101, 447-462.\u00a0\u00a0<a href=\"https:\/\/doi.org\/10.3758\/s13428-020-01396-2\">doi.org\/10.3758\/s13428-020-01396-2\u00a0<\/a><i class=\"icon-double-angle-down\"><\/i><\/em><\/li>\n<\/ol>\n<h2><a name=\"TOC-Chapters\"><\/a><strong><em>Chapters<\/em><\/strong><\/h2>\n<ol>\n<li>Gimenes, M., <strong>New, B.<\/strong> (2024) Social Media Frenquency Norms. <i>International Encyclopedia of Language and Linguistics, 3rd Edition<\/i>, Elsevier, 2024, <a href=\"https:\/\/doi.org\/10.1016\/B978-0-323-95504-1.00207-6\" target=\"_blank\" rel=\"noopener\">\u27e810.1016\/B978-0-323-95504-1.00207-6\u27e9<\/a>.<\/li>\n<li>Brysbaert, M., <strong>New, B.<\/strong> (2024) The SUBTLEX Word Frequency Norms. <i>International Encyclopedia of Language and Linguistics, 3rd Edition<\/i>, Elsevier, 2024, <a href=\"https:\/\/dx.doi.org\/10.1016\/B978-0-323-95504-1.00112-5\" target=\"_blank\" rel=\"noopener\">\u27e810.1016\/B978-0-323-95504-1.00112-5\u27e9<\/a>.<\/li>\n<li>Ferrand, L., <strong>New, B.<\/strong>\u00a0&amp; (2004)\u00a0<a href=\"http:\/\/psycho-usmb.fr\/boris.new\/wp-content\/uploads\/2021\/10\/99-Semantic-final-2003.pdf\">Semantic and Associative Priming in the Mental Lexicon.<\/a>\u00a0in \u00a0Bonin (Ed.),\u00a0<em>The mental lexicon.<\/em>\u00a0New York: Nova Science Publishers. 2003.) pp. 25-43<\/li>\n<\/ol>\n<h2><a name=\"TOC-Actes-de-congr-s-comit-de-lecture\"><\/a><strong><em>Actes de congr\u00e9s \u00e0 comit\u00e9 de lecture<\/em><\/strong><\/h2>\n<ol>\n<li><strong>New, B.<\/strong>\u00a0(2006)\u00a0 Lexique 3 : Une nouvelle base de donn\u00e9es lexicales<strong>.<\/strong>\u00a0<em>Actes de la Conf\u00e9rence Traitement Automatique des Langues Naturelles (TALN 2006), avril 2006, Louvain, Belgique.<\/em><\/li>\n<\/ol>\n<\/td>\n<\/tr>\n<\/tbody>\n<\/table>\n<\/div>\n<\/div>\n\n\n<p><\/p>\n\n\n\n<p><\/p>\n","protected":false},"excerpt":{"rendered":"<p>This is just a short excerpt for the&nbsp;page.<\/p>\n","protected":false},"author":2,"featured_media":58,"parent":0,"menu_order":2,"comment_status":"closed","ping_status":"closed","template":"","meta":{"footnotes":""},"class_list":["post-22","page","type-page","status-publish","has-post-thumbnail","hentry","post-preview"],"_links":{"self":[{"href":"https:\/\/psycho-usmb.fr\/boris.new\/index.php\/wp-json\/wp\/v2\/pages\/22","targetHints":{"allow":["GET"]}}],"collection":[{"href":"https:\/\/psycho-usmb.fr\/boris.new\/index.php\/wp-json\/wp\/v2\/pages"}],"about":[{"href":"https:\/\/psycho-usmb.fr\/boris.new\/index.php\/wp-json\/wp\/v2\/types\/page"}],"author":[{"embeddable":true,"href":"https:\/\/psycho-usmb.fr\/boris.new\/index.php\/wp-json\/wp\/v2\/users\/2"}],"replies":[{"embeddable":true,"href":"https:\/\/psycho-usmb.fr\/boris.new\/index.php\/wp-json\/wp\/v2\/comments?post=22"}],"version-history":[{"count":28,"href":"https:\/\/psycho-usmb.fr\/boris.new\/index.php\/wp-json\/wp\/v2\/pages\/22\/revisions"}],"predecessor-version":[{"id":366,"href":"https:\/\/psycho-usmb.fr\/boris.new\/index.php\/wp-json\/wp\/v2\/pages\/22\/revisions\/366"}],"wp:featuredmedia":[{"embeddable":true,"href":"https:\/\/psycho-usmb.fr\/boris.new\/index.php\/wp-json\/"}],"wp:attachment":[{"href":"https:\/\/psycho-usmb.fr\/boris.new\/index.php\/wp-json\/wp\/v2\/media?parent=22"}],"curies":[{"name":"wp","href":"https:\/\/api.w.org\/{rel}","templated":true}]}}